ds digit of 4136?
4
What is the tens digit of 6425?
2
What is the thousands digit of 1367?
1
What is the ten thousands digit of 36189?
3
What is the hundreds digit of 39094?
0
What is the units digit of 1105?
5
What is the tens digit of 2149?
4
What is the hundreds digit of 393?
3
What is the tens digit of 3742?
4
What is the tens digit of 3018?
1
What is the hundreds digit of 705?
7
What is the units digit of 1875?
5
What is the thousands digit of 1549?
1
What is the units digit of 824?
4
What is the hundreds digit of 7348?
3
What is the tens digit of 1639?
3
What is the units digit of 2301?
1
What is the units digit of 61262?
2
What is the units digit of 355?
5
What is the units digit of 26670?
0
What is the units digit of 14328?
8
What is the tens digit of 2871?
7
What is the tens digit of 17?
1
What is the hundreds digit of 116?
1
What is the tens digit of 2899?
9
What is the thousands digit of 3538?
3
What is the hundreds digit of 736?
7
What is the hundreds digit of 5133?
1
What is the hundreds digit of 926?
9
What is the units digit of 24783?
3
What is the thousands digit of 6484?
6
What is the thousands digit of 7025?
7
What is the hundreds digit of 57325?
3
What is the hundreds digit of 3698?
6
What is the tens digit of 21697?
9
What is the thousands digit of 89235?
9
What is the ten thousands digit of 13076?
1
What is the hundreds digit of 1502?
5
What is the thousands digit of 22514?
2
What is the tens digit of 10618?
1
What is the units digit of 2854?
4
What is the tens digit of 4824?
2
What is the tens digit of 4305?
0
What is the hundreds digit of 1364?
3
What is the thousands digit of 100545?
0
What is the tens digit of 20733?
3
What is the hundreds digit of 10757?
7
What is the hundreds digit of 6635?
6
What is the units digit of 25034?
4
What is the tens digit of 12798?
9
What is the units digit of 18308?
8
What is the hundreds digit of 14822?
8
What is the hundreds digit of 63860?
8
What is the thousands digit of 2060?
2
What is the hundreds digit of 4551?
5
What is the thousands digit of 4112?
4
What is the tens digit of 18554?
5
What is the units digit of 1282?
2
What is the thousands digit of 11321?
1
What is the thousands digit of 2493?
2
What is the units digit of 4602?
2
What is the hundreds digit of 144997?
9
What is the hundreds digit of 8229?
2
What is the hundreds digit of 62302?
3
What is the units digit of 20559?
9
What is the tens digit of 1791?
9
What is the ten thousands digit of 25357?
2
What is the tens digit of 2418?
1
What is the tens digit of 168166?
6
What is the tens digit of 17310?
1
What is the tens digit of 969?
6
What is the tens digit of 7408?
0
What is the ten thousands digit of 13127?
1
What is the ten thousands digit of 151056?
5
What is the tens digit of 1013?
1
What is the units digit of 968?
8
What is the ten thousands digit of 62305?
6
What is the units digit of 1392?
2
What is the tens digit of 211?
1
What is the units digit of 41738?
8
What is the units digit of 73?
3
What is the hundreds digit of 485?
4
What is the thousands digit of 82538?
2
What is the tens digit of 12342?
4
What is the hundreds digit of 20302?
3
What is the tens digit of 24407?
0
What is the hundreds digit of 444?
4
What is the units digit of 14997?
7
What is the hundreds digit of 993?
9
What is the tens digit of 12825?
2
What is the hundreds digit of 815?
8
What is the units digit of 67823?
3
What is the tens digit of 60398?
9
What is the tens digit of 268?
6
What is the units digit of 2456?
6
What is the thousands digit of 24377?
4
What is the units digit of 3249?
9
What is the ten thousands digit of 23124?
2
What is the tens digit of 56520?
2
What is the units digit of 130?
0
What is the tens digit of 9944?
4
What is the tens digit of 43825?
2
What is the tens digit of 17491?
9
What is the tens digit of 1260?
6
What is the thousands digit of 1234?
1
What is the units digit of 6400?
0
What is the units digit of 108396?
6
What is the units digit of 570?
0
What is the thousands digit of 46624?
6
What is the thousands digit of 6442?
6
What is the tens digit of 15124?
2
What is the tens digit of 1685?
8
What is the tens digit of 631?
3
What is the tens digit of 58017?
1
What is the units digit of 17813?
3
What is the tens digit of 85?
8
What is the tens digit of 2783?
8
What is the units digit of 7570?
0
What is the thousands digit of 23382?
3
What is the hundreds digit of 28701?
7
What is the units digit of 1786?
6
What is the units digit of 953?
3
What is the thousands digit of 3758?
3
What is the thousands digit of 25799?
5
What is the tens digit of 26219?
1
What is the ten thousands digit of 57647?
5
What is the thousands digit of 5637?
5
What is the thousands digit of 29484?
9
What is the tens digit of 62387?
8
What is the units digit of 119?
9
What is the units digit of 2073?
3
What is the units digit of 8435?
5
What is the units digit of 848?
8
What is the tens digit of 6256?
5
What is the hundreds digit of 12189?
1
What is the thousands digit of 33620?
3
What is the tens digit of 1396?
9
What is the tens digit of 26051?
5
What is the hundreds digit of 1686?
6
What is the tens digit of 51744?
4
What is the hundreds digit of 35653?
6
What is the hundreds digit of 30029?
0
What is the ten thousands digit of 74383?
7
What is the units digit of 8951?
1
What is the hundreds digit of 7266?
2
What is the units digit of 660?
0
What is the hundreds digit of 726?
7
What is the hundreds digit of 26509?
5
What is the hundreds digit of 1452?
4
What is the hundreds digit of 15274?
2
What is the thousands digit of 1820?
1
What is the units digit of 13327?
7
What is the tens digit of 2303?
0
What is the tens digit of 134490?
9
What is the tens digit of 4255?
5
What is the thousands digit of 1866?
1
What is the thousands digit of 2378?
2
What is the hundreds digit of 313?
3
What is the hundreds digit of 913?
9
What is the thousands digit of 8177?
8
What is the thousands digit of 5552?
5
What is the tens digit of 20274?
7
What is the tens digit of 3823?
2
What is the thousands digit of 31926?
1
What is the units digit of 28985?
5
What is the tens digit of 84770?
7
What is the units digit of 515?
5
What is the hundred thousands digit of 200341?
2
What is the thousands digit of 25876?
5
What is the thousands digit of 3108?
3
What is the thousands digit of 77534?
7
What is the units digit of 25305?
5
What is the units digit of 4175?
5
What is the hundreds digit of 142990?
9
What is the ten thousands digit of 143301?
4
What is the hundreds digit of 7295?
2
What is the thousands digit of 6548?
6
What is the tens digit of 1141?
4
What is the thousands digit of 10859?
0
What is the tens digit of 866?
6
What is the hundreds digit of 18717?
7
What is the tens digit of 76234?
3
What is the tens digit of 2522?
2
What is the hundreds digit of 2490?
4
What is the tens digit of 2085?
8
What is the tens digit of 65472?
7
What is the tens digit of 2878?
7
What is the thousands digit of 93696?
3
What is the hundreds digit of 745?
7
What is the units digit of 379?
9
What is the hundreds digit of 4321?
3
What is the tens digit of 2201?
0
What is the hundreds digit of 19549?
5
What is the hundreds digit of 96881?
8
What is the hundreds digit of 1339?
3
What is the thousands digit of 20365?
0
What is the thousands digit of 4173?
4
What is the hundreds digit of 10485?
4
What is the tens digit of 620?
2
What is the tens digit of 5308?
0
What is the units digit of 7779?
9
What is the tens digit of 1588?
8
What is the tens digit of 1170?
7
What is the thousands digit of 6589?
6
What is the hundreds digit of 955?
9
What is the tens digit of 1404?
0
What is the thousands digit of 86072?
6
What is the units digit of 1203?
3
What is the hundreds digit of 450?
4
What is the hundreds digit of 26708?
7
What is the ten thousands digit of 22401?
2
What is the units digit of 1571?
1
What is the thousands digit of 101770?
1
What is the hundreds digit of 7773?
7
What is the thousands digit of 1171?
1
What is the units digit of 10971?
1
What is the units digit of 10884?
4
What is the hundreds digit of 2295?
2
What is the tens digit of 33762?
6
What is the thousands digit of 2748?
2
What is the units digit of 6329?
9
What is the hundreds digit of 1853?
8
What is the